*x**2 + 12*x + 26. Suppose 5*g + 3*c = -40, 12*g - 14*g - 16 = 3*c. What is f(g)?
-6
Suppose 6 = -7*n - 22. Let j(s) = 6*s - 20. Let t(z) = -2*z + 7. Let a = 21 - 38. Let m(d) = a*t(d) - 6*j(d). Determine m(n).
9
Let w(x) be the first derivative of -11*x**7/840 - x**6/360 + x**5/120 + x**4/24 - 22*x**3/3 + 2. Let y(o) be the third derivative of w(o). What is y(-1)?
10
Suppose 5*x = -8 - 27. Let c(g) = -13*g**2 - 32*g - 8. Let j(t) = -3*t**2 - 8*t - 2. Let k(b) = -2*c(b) + 9*j(b). Determine k(x).
5
Let f be 26/6 + -2 + 2/(-6). Let r(p) = 2*p - 3 + 2 + 3*p**2 + 4 - p**f. What is r(-2)?
7
Let g(n) = -n**3 - 4*n**2 + n + 6. Let i(l) = 3*l**3 + 7*l**2 - 3*l - 11. Let k = -75 - -77. Let m(b) = k*i(b) + 5*g(b). Determine m(6).
2
Suppose -5*g - 2*a + 16 = 0, -5*g - 3*a = -8*a + 5. Let w(n) = 1 + 1 - 2*n + n + 0. Calculate w(g).
0
Let b(c) = c - 1. Suppose 0 = 28*g - 8 + 36. Calculate b(g).
-2
Let f(d) = d**3 + d**2 - 3*d + 2. Let h(o) = 5*o**3 + 8*o**2 - 19*o + 5. Let j(r) = 4*f(r) - h(r). Calculate j(-5).
-7
Let l(f) = -8*f + 7. Let q(b) = 23*b - 20. Let u(i) = -17*l(i) - 6*q(i). Let s(p) = p**2 - 8*p + 4. Let y be s(8). Suppose -12 = -4*d + y. Calculate u(d).
-7
Let y(w) be the third derivative of -w**5/60 - w**4/4 - w**3/3 - w**2 + 118. Give y(-4).
6
Let a be ((-1)/(-3))/((-3)/(-9)). Let b(n) = a - 10*n**3 - n**3 + 2*n + 6*n**3 + 4*n**2 + 6*n**3. Give b(-3).
4
Let m(h) = 4*h**2 + 23*h - 24. Let i(q) = 2*q**2 + 11*q - 11. Let r(f) = -13*i(f) + 6*m(f). What is r(-4)?
-13
Suppose 11*n = 8*n. Suppose n = -8*l + 2*l - 24. Let v(u) be the first derivative of -u**3/3 - 3*u**2/2 + 5*u + 1. Give v(l).
1
Suppose -4*f - 7 = 29. Let w(q) = -q**3 - 8*q**2 + 10*q + 7. Give w(f).
-2
Suppose -16*k = -122*k. Let y(a) be the third derivative of 1/6*a**4 + k - 1/6*a**3 + 0*a - 6*a**2. What is y(-3)?
-13
Let a = 103 + -73. Suppose a = 4*z + 6. Let d(g) = -g**2 + 8*g - 6. Let j be d(z). Let m(l) = l**2 - 6*l - 4. Determine m(j).
-4
Let v(r) = r**3 + r**2 - 5*r - 2. Let s(f) = -9*f + 6. Let l be s(1). Give v(l).
-5
Let a be 4*3*72/108. Let r(w) = w**3 - 8*w**2 + 3*w - 1. What is r(a)?
23
Let q(y) = y**3 - 7*y**2 + 13*y - 11. Suppose 5*a + 8*d = 9*d + 29, 0 = -3*a + 2*d + 23. Determine q(a).
4
Let b(d) = -2*d**2 - 2*d - 2. Let w(g) = -3*g**2 - 3*g - 2. Let x(c) = 4*b(c) - 3*w(c). Suppose -5*f - 4*z - 35 = 0, 24 = -f - 5*z - 4. Give x(f).
4
Let d(u) = u**3 + 7*u**2 + 4*u - 7. Let b = 5 + -2. Let w(x) = -x**3 + 5*x**2 - 3*x - 2. Let o be w(b). Let i = o + -13. Determine d(i).
5
Let r(z) = -z + 8. Let o(y) = -2*y**2 + 4*y + 6. Let k be o(-1). Calculate r(k).
8
Let r(y) = -5*y**2 + 11*y - 8. Let s(l) = -10*l + 52*l**2 - 9*l - 13*l + 24 - 38*l**2. Let t(c) = -17*r(c) - 6*s(c). Calculate t(-6).
-2
Suppose 3*n + 3*c = 4*n + 13, n + 3*c = 17. Let t(j) = 7*j**2 + 5*j + 4. Let l(s) = 20*s**2 + 14*s + 11. Let b(v) = 6*l(v) - 17*t(v). Determine b(n).
0
Let v(z) = 2*z + 18. Suppose q - 8 = 2*q. Let l be v(q). Let y(c) = -c**2 + 3*c - 1. Give y(l).
1
Suppose 30*x = 34*x - 56. Suppose -4*n + 14 = 3*p + 65, 2*n + 58 = -4*p. Let w = x + p. Let b(h) = h**3 - 2*h + 1. Calculate b(w).
0
Let r = 347 - 336. Let f(y) = -y - 1. Give f(r).
-12
Let q(g) = -14*g**3 + 11*g**2 - 6*g + 3. Let n(t) = -37*t**3 + 32*t**2 - 16*t + 8. Let s(y) = -3*n(y) + 8*q(y). Calculate s(-8).
0
Let u(s) = -s + 13. Let r be u(14). Let x be 5*((-28)/(-20) + r). Let h(w) = -w**2 - 3*w**2 + 10 - w**3 - x*w + 0 - 6. Calculate h(-3).
1
Suppose 3*b + b + 4*w = 180, 3*b = -2*w + 136. Let d = b - 46. Let s(i) = -i**2 - 2*i - 4. Calculate s(d).
-4
Let f(b) = b - 4. Let r = 156 + -152. Calculate f(r).
0
Let z(s) = s + 13. Let m(y) = -y**2 + 4*y + 3. Let n be m(-2). Give z(n).
4
Let m(o) = 4 + 0*o + 3*o - 8*o + o**2 - 3. Give m(2).
-5
Let t(c) = c**2 + 3*c + 4. Let v(j) = -4*j**2 - 8*j - 11. Let l(g) = 8*t(g) + 3*v(g). Determine l(-1).
-5
Let z(q) = q**3 + 13*q**2 - 3*q - 18. Let k be z(-13). Suppose k*d + 10 = 16*d. Let m(u) = -u**3 + 2*u**2 + 3*u + 1. Calculate m(d).
11
Let c(z) = 7*z + 10. Let f(x) = 12*x + 20. Suppose -18 - 10 = 7*u. Let k(y) = u*f(y) + 7*c(y). Suppose -j + 7 = -0*j. Determine k(j).
-3
Let q(u) be the second derivative of 1/12*u**4 + 0 - u**3 + 2*u**2 + 29*u. Calculate q(4).
-4
Let h(k) = -3*k - 7. Let l(f) = 4*f + 5. Let p(s) = 2*h(s) + 3*l(s). Calculate p(7).
43
Let v(r) = r**2 + 12*r + 16. Let f be v(-2). Let w = -6 - -10. Let h(m) = -5 - 2*m**3 + 3*m**3 + w*m**2 + 0*m**3. What is h(f)?
-5
Let u(w) = w + 7*w**2 - w**3 + 5 - 2 - 9*w. Let j be (-194)/22 + 342/(-66) + 5. Let t(p) = p**3 + 10*p**2 + 7*p - 13. Let z be t(j). Calculate u(z).
13
Let a(f) be the first derivative of -f**4/4 + 5*f**3/3 - 4*f**2 + 2*f - 209. Calculate a(3).
-4
Let q(o) be the first derivative of -o**3/3 + o**2/2 + 5. Let i(v) = 3*v**2 - 3*v + 4. Let u(s) = -i(s) - 2*q(s). Determine u(0).
-4
Let b(g) = 3*g**3 + g**2 - g - 2. Let d be (-1 + 3)*(-6)/12. Calculate b(d).
-3
Let g(i) = -i**3 + 6*i**2 + 7*i - 5. Let v = 200 - 75. Let b be (v/5)/(-5) + 12. Give g(b).
-5
Let i(c) = c**2 - 3*c + 7. Let d be (16/(-10))/(8/(-30)). Determine i(d).
25
Let k(a) be the third derivative of 7/6*a**3 + 0*a + a**2 + 0 - 1/60*a**5 - 1/24*a**4. Let l = 6 - 6. Calculate k(l).
7
Let t be 12/(4/16*6). Let a be -4 + 4/t*-2. Let j be a/(-4) + 1/(-4). Let g(q) = 4*q**3 - q**2 + 2*q - 1. Calculate g(j).
4
Let d(g) = -17*g**3 + 2*g - 2. Let h be 4/22 + 36/44. Determine d(h).
-17
Let s(t) = -t**3 - 9*t**2 - 5*t - 3. Let v(c) = 3*c**3 + 26*c**2 + 14*c + 10. Suppose 6*a = 2*a + 5*j + 1, j = -a + 7. Let y(n) = a*v(n) + 11*s(n). Give y(-5).
2
Let h(f) = f**3 - 3*f**2 - 4*f + 3. Let a be 10 + -12 - (-4 - 3). What is h(a)?
33
Let k be 5/(-20) - (-9)/4. Let n(d) = -2*d - d**2 + 5*d**2 + 4 - 3*d - k*d**2. Determine n(3).
7
Let m(c) be the second derivative of 11*c**4/12 - c**3/6 - c. Let b(l) = 4*l**2 + l + 3. Let g be b(-1). Let o be ((-4)/12)/(2 + (-14)/g). Determine m(o).
10
Let d(o) = 7*o**3 + 8*o**2 - 11*o - 9. Let g be 19 + -10 - (4 + -1). Let l(b) = -6*b**3 - 7*b**2 + 10*b + 8. Let h(x) = g*l(x) + 5*d(x). Give h(-3).
-3
Let m(h) = -11 + 36 - h - h. Let d be m(13). Let t(x) = -4*x - 1. Give t(d).
3
Let l(j) = 3*j - 3*j + 0 + 8 - j. Let m be 16/6 + (-8)/12. Suppose -m*i = -5*i. Give l(i).
8
Let o(h) = -h**2 + 2. Let g be -2*4/24*9. Calculate o(g).
-7
Let v(w) = w**3 + 6*w**2 + 3*w + 6. Let z = 146 - 86. Suppose c + z = -9*c. Give v(c).
-12
Let l(x) = -2488 - x - x**2 - 3*x**2 + 2490. What is l(1)?
-3
Suppose -4*t + 3*t - 13 = -4*m, -5*t + 23 = 2*m. Suppose t*c - 12 - 27 = 0. Let a(f) = -33 + c + f**2 + 21 + 2*f. Give a(-3).
4
Let f(z) = 83*z. Let i(r) = 7888*r. Let j(g) = 476*f(g) - 5*i(g). Give j(-1).
-68
Let f(x) be the third derivative of -x**6/720 + x**5/120 + x**4/24 + 8*x**2. Let u(y) be the second derivative of f(y). What is u(1)?
0
Let t be ((-4)/14 + (-2)/42)*-6. Let l(g) = g - 25 - 26 + 54 - g**t. Let j = -9 - -12. Give l(j).
-3
Let i(a) = 3*a - 20. Let y(f) = 6*f**2 + 3*f + 2. Let o be y(-1). Let u be i(o). Let t(m) = -m**3 - 4*m**2 + 6*m + 5. What is t(u)?
0
Let h(b) be the first derivative of 13 + 1/3*b**3 + 1/4*b**4 + 17*b + 1/2*b**2. What is h(0)?
17
Let h(n) = n + 0*n**2 + 5 + 9 - n**2 + 4. What is h(0)?
18
Let n(i) be the third derivative of i**5/15 + i**4/24 - i**3/6 + 64*i**2. Give n(-2).
13
Let r(v) = -v**3 - 6*v**2 - 2*v - 1. Suppose 2*y + 48 = 6*y. Suppose 4*j - t - 3*t - y = 0, -j = t - 1. Suppose -j*i = -5*i, -2*m = 2*i + 10. Calculate r(m).
-16
Suppose -c = -2*i - 2 - 0, i = 2*c - 7. Let x(s) = -2*s - 2 + c + 3. Give x(7).
-9
Let g(j) = -j**2 + 3*j - 2. Let q(o) = o**2 - 3*o + 4. Let w be q(0). What is g(w)?
-6
Let n(s) = 2*s**2 + 5*s - 3. Let g(c) = -c**2 - c + 3. Let j(q) = 3*g(q) + n(q). What is j(5)?
-9
Let w be ((-3)/(-2))/(10/(-20)). Let y = w - -8. Let p(b) = b**2 - b + 0*b**2 + y*b. What is p(-5)?
5
Let x(l) = 2*l + 5. Let h(a) = 3*a + 1. Let i(s) = -3*h(s) + x(s). What is i(-1)?
9
Let b(s) be the first derivative of 5*s**2/2 - 14*s + 2. Let t(m) = -m + 1. Let y(q) = 3. Let i(o) = 2*t(o) + y(o). Let v(j) = 6*b(j) + 17*i(j). Calculate v(1).
-3
Suppose 3*o + 60 = 3*v, 7*v - 36 = 5*v + o. Let n(w) = -2*w**2 + 33*w - 14. What is n(v)?
2
Let d = -23 + 33. Let h(w) = 2*w**2 + 0*w + 1 - d*w**2 + 0*w. What is h(-1)?
-7
Let a(r) = -r**3 +